{"id":12126,"date":"2024-06-30T18:34:11","date_gmt":"2024-06-30T18:34:11","guid":{"rendered":"https:\/\/sunsailer.eu\/?page_id=12126"},"modified":"2024-06-30T18:34:11","modified_gmt":"2024-06-30T18:34:11","slug":"3generacja","status":"publish","type":"page","link":"https:\/\/sunsailer.pl\/?page_id=12126","title":{"rendered":"3 Generacja"},"content":{"rendered":"\t\t<div data-elementor-type=\"wp-page\" data-elementor-id=\"12126\" class=\"elementor elementor-12126\" data-elementor-post-type=\"page\">\n\t\t\t\t<div class=\"elementor-element elementor-element-2a7ee45b e-con-full e-flex e-con e-parent\" data-id=\"2a7ee45b\" data-element_type=\"container\" data-e-type=\"container\" data-settings=\"{&quot;background_background&quot;:&quot;classic&quot;}\">\n\t\t<div class=\"elementor-element elementor-element-7748eba8 e-con-full e-flex e-con e-child\" data-id=\"7748eba8\" data-element_type=\"container\" data-e-type=\"container\" data-settings=\"{&quot;background_background&quot;:&quot;classic&quot;}\">\n\t\t\t\t<div class=\"elementor-element elementor-element-cac6e97 elementor-widget elementor-widget-heading\" data-id=\"cac6e97\" data-element_type=\"widget\" data-e-type=\"widget\" data-widget_type=\"heading.default\">\n\t\t\t\t<div class=\"elementor-widget-container\">\n\t\t\t\t\t<h2 class=\"elementor-heading-title elementor-size-default\">1<\/h2>\t\t\t\t<\/div>\n\t\t\t\t<\/div>\n\t\t\t\t<\/div>\n\t\t<div class=\"elementor-element elementor-element-343964c3 e-con-full e-flex e-con e-child\" data-id=\"343964c3\" data-element_type=\"container\" data-e-type=\"container\" data-settings=\"{&quot;background_background&quot;:&quot;classic&quot;}\">\n\t\t\t\t<div class=\"elementor-element elementor-element-93a62eb elementor-widget elementor-widget-heading\" data-id=\"93a62eb\" data-element_type=\"widget\" data-e-type=\"widget\" data-widget_type=\"heading.default\">\n\t\t\t\t<div class=\"elementor-widget-container\">\n\t\t\t\t\t<h2 class=\"elementor-heading-title elementor-size-default\">2<\/h2>\t\t\t\t<\/div>\n\t\t\t\t<\/div>\n\t\t\t\t<\/div>\n\t\t<div class=\"elementor-element elementor-element-34e6d3e8 e-con-full e-flex e-con e-child\" data-id=\"34e6d3e8\" data-element_type=\"container\" data-e-type=\"container\" data-settings=\"{&quot;background_background&quot;:&quot;classic&quot;}\">\n\t\t\t\t<div class=\"elementor-element elementor-element-6f91f5a elementor-widget elementor-widget-heading\" data-id=\"6f91f5a\" data-element_type=\"widget\" data-e-type=\"widget\" data-widget_type=\"heading.default\">\n\t\t\t\t<div class=\"elementor-widget-container\">\n\t\t\t\t\t<h2 class=\"elementor-heading-title elementor-size-default\">2.5<\/h2>\t\t\t\t<\/div>\n\t\t\t\t<\/div>\n\t\t\t\t<\/div>\n\t\t\t\t<\/div>\n\t\t<div class=\"elementor-element elementor-element-75ee2c2 e-flex e-con-boxed e-con e-parent\" data-id=\"75ee2c2\" data-element_type=\"container\" data-e-type=\"container\">\n\t\t\t\t\t<div class=\"e-con-inner\">\n\t\t<div class=\"elementor-element elementor-element-0e167eb e-con-full e-flex e-con e-child\" data-id=\"0e167eb\" data-element_type=\"container\" data-e-type=\"container\" data-settings=\"{&quot;background_background&quot;:&quot;classic&quot;}\">\n\t\t\t\t<div class=\"elementor-element elementor-element-0f226b0 elementor-widget elementor-widget-text-editor\" data-id=\"0f226b0\" data-element_type=\"widget\" data-e-type=\"widget\" data-widget_type=\"text-editor.default\">\n\t\t\t\t<div class=\"elementor-widget-container\">\n\t\t\t\t\t\t\t\t\t<h1><span style=\"color: #0000ff;\">2018<\/span><\/h1><h3>1 GENERACJA SUNSAILERA MINI<\/h3><p>By\u0142 kompaktowy, posiada\u0142 sk\u0142adany dach bimini oraz to, czego nie mia\u0142a \u00f3wczesna konkurencja &#8211; panel solarny 260Wp w standardzie, kt\u00f3ry zapewnia\u0142 \u0142adowanie akumulatora.\u00a0<\/p><p>Zasi\u0119g by\u0142 niewielki &#8211; ok. 2 godzin p\u0142ywania ale ju\u017c to dawa\u0142o niez\u0142\u0105 frajd\u0119. <br \/>Silnik 40 lbs dawa\u0142 rad\u0119. Ale chcieli\u015bmy wycisn\u0105\u0107 z niego wi\u0119cej.\u00a0<\/p><p>Pewnego dnia zobaczy\u0142em, jak p\u0142ywa na nim 4 osoby i os\u0142upia\u0142em. Koniecznie trzeba go przeprojektowa\u0107 pomy\u015bla\u0142em.\u00a0<\/p>\t\t\t\t\t\t\t\t<\/div>\n\t\t\t\t<\/div>\n\t\t\t\t<div class=\"elementor-element elementor-element-0109ae6 elementor-widget elementor-widget-image\" data-id=\"0109ae6\" data-element_type=\"widget\" data-e-type=\"widget\" data-widget_type=\"image.default\">\n\t\t\t\t<div class=\"elementor-widget-container\">\n\t\t\t\t\t\t\t\t\t\t\t\t\t\t\t<img fetchpriority=\"high\" decoding=\"async\" width=\"800\" height=\"512\" src=\"https:\/\/sunsailer.pl\/wp-content\/uploads\/2024\/06\/ss10-1024x655.png\" class=\"attachment-large size-large wp-image-12152\" alt=\"\" srcset=\"https:\/\/sunsailer.pl\/wp-content\/uploads\/2024\/06\/ss10-1024x655.png 1024w, https:\/\/sunsailer.pl\/wp-content\/uploads\/2024\/06\/ss10-300x192.png 300w, https:\/\/sunsailer.pl\/wp-content\/uploads\/2024\/06\/ss10-768x492.png 768w, https:\/\/sunsailer.pl\/wp-content\/uploads\/2024\/06\/ss10-1536x983.png 1536w, https:\/\/sunsailer.pl\/wp-content\/uploads\/2024\/06\/ss10.png 1600w\" sizes=\"(max-width: 800px) 100vw, 800px\" \/>\t\t\t\t\t\t\t\t\t\t\t\t\t\t\t<\/div>\n\t\t\t\t<\/div>\n\t\t\t\t<div class=\"elementor-element elementor-element-eea2eb3 elementor-widget elementor-widget-text-editor\" data-id=\"eea2eb3\" data-element_type=\"widget\" data-e-type=\"widget\" data-widget_type=\"text-editor.default\">\n\t\t\t\t<div class=\"elementor-widget-container\">\n\t\t\t\t\t\t\t\t\t<p>Generacja 1.0 to ju\u017c historia. Nie zachowa\u0142 si\u0119 \u017caden egzemplarz i bynajmniej mnie to nie martwi. Idziemy do przodu nie patrz\u0105c za siebie.<\/p>\t\t\t\t\t\t\t\t<\/div>\n\t\t\t\t<\/div>\n\t\t\t\t<\/div>\n\t\t<div class=\"elementor-element elementor-element-dc01354 e-con-full e-flex e-con e-child\" data-id=\"dc01354\" data-element_type=\"container\" data-e-type=\"container\" data-settings=\"{&quot;background_background&quot;:&quot;classic&quot;}\">\n\t\t\t\t<div class=\"elementor-element elementor-element-5e5290e elementor-widget elementor-widget-text-editor\" data-id=\"5e5290e\" data-element_type=\"widget\" data-e-type=\"widget\" data-widget_type=\"text-editor.default\">\n\t\t\t\t<div class=\"elementor-widget-container\">\n\t\t\t\t\t\t\t\t\t<h1><span style=\"color: #0000ff;\">2020<\/span><\/h1><h3>2 GENERACJA<\/h3><p>I tak, po p\u00f3\u0142tora roku \u015bwiat\u0142o ujrza\u0142a kolejna generacja SUNSAILERA. Zmiany wida\u0107 by\u0142o ju\u017c na pierwszy rzut oka.\u00a0<\/p><p>Pierwsze co posz\u0142o w kosz to p\u0142ywaki. Zmienili\u015bmy je ca\u0142kowicie. Teraz zamiast 56 cm wysoko\u015bci mia\u0142y 72 cm i by\u0142y bardziej sportowo ukszta\u0142towane. Zmieni\u0142a si\u0119 wyporno\u015b\u0107. Teraz ju\u017c 4 czy nawet 5 os\u00f3b to dla niego piku\u015b. Tona wyporno\u015bci &#8211; to jest co\u015b.\u00a0<\/p><p>Jednak ca\u0142y czas to by\u0142a tylko 2-osobowa \u0142\u00f3d\u017a. Sk\u0142adany dach nie by\u0142 czym\u015b ekstra. Wi\u0119c wyrzucili\u015bmy bimini i stworzyli\u015bmy dach twardy na op\u0142ywowych podporach. Na dach wyrzucili\u015bmy panel solarny 315 Wp i w miejscu gdzie dotychczas stacjonowa\u0142 zamontowali\u015bmy dodatkowy pok\u0142ad. Teraz SUNSAILER m\u00f3g\u0142 przyj\u0105\u0107 na pok\u0142ad rodzink\u0119 2+2 lub nawet 2+3.<\/p><p><span style=\"background-color: #eeeeee;\">No i ten transport. \u0141adne, op\u0142ywowe podpory niestety ale w transporcie przyprawia\u0142y mnie o zimny pot na plecach. Chwia\u0142o si\u0119 to to na boki i zamiast patrze\u0107 przed siebie &#8211; cz\u0142owiek zerka\u0142 w lusterko czy dach jedzie jeszcze z nami &#8230;\u00a0<\/span><\/p>\t\t\t\t\t\t\t\t<\/div>\n\t\t\t\t<\/div>\n\t\t\t\t<div class=\"elementor-element elementor-element-54cf01b elementor-widget elementor-widget-image\" data-id=\"54cf01b\" data-element_type=\"widget\" data-e-type=\"widget\" data-widget_type=\"image.default\">\n\t\t\t\t<div class=\"elementor-widget-container\">\n\t\t\t\t\t\t\t\t\t\t\t\t\t\t\t<img decoding=\"async\" width=\"800\" height=\"620\" src=\"https:\/\/sunsailer.pl\/wp-content\/uploads\/2024\/06\/ss20-1-1024x794.png\" class=\"attachment-large size-large wp-image-12154\" alt=\"\" srcset=\"https:\/\/sunsailer.pl\/wp-content\/uploads\/2024\/06\/ss20-1-1024x794.png 1024w, https:\/\/sunsailer.pl\/wp-content\/uploads\/2024\/06\/ss20-1-300x233.png 300w, https:\/\/sunsailer.pl\/wp-content\/uploads\/2024\/06\/ss20-1-768x596.png 768w, https:\/\/sunsailer.pl\/wp-content\/uploads\/2024\/06\/ss20-1-1536x1191.png 1536w, https:\/\/sunsailer.pl\/wp-content\/uploads\/2024\/06\/ss20-1.png 2000w\" sizes=\"(max-width: 800px) 100vw, 800px\" \/>\t\t\t\t\t\t\t\t\t\t\t\t\t\t\t<\/div>\n\t\t\t\t<\/div>\n\t\t\t\t<\/div>\n\t\t\t\t\t<\/div>\n\t\t\t\t<\/div>\n\t\t<div class=\"elementor-element elementor-element-3a38b2e e-flex e-con-boxed e-con e-parent\" data-id=\"3a38b2e\" data-element_type=\"container\" data-e-type=\"container\">\n\t\t\t\t\t<div class=\"e-con-inner\">\n\t\t<div class=\"elementor-element elementor-element-91e233e e-con-full e-flex e-con e-child\" data-id=\"91e233e\" data-element_type=\"container\" data-e-type=\"container\" data-settings=\"{&quot;background_background&quot;:&quot;classic&quot;}\">\n\t\t\t\t<div class=\"elementor-element elementor-element-0073c75 elementor-widget elementor-widget-text-editor\" data-id=\"0073c75\" data-element_type=\"widget\" data-e-type=\"widget\" data-widget_type=\"text-editor.default\">\n\t\t\t\t<div class=\"elementor-widget-container\">\n\t\t\t\t\t\t\t\t\t<h1><span style=\"color: #0000ff;\">2022<\/span><\/h1><h3>GENERACJA 2.5<\/h3><p><span style=\"color: var( --e-global-color-text ); font-family: var( --e-global-typography-text-font-family ), Sans-serif; font-weight: var( --e-global-typography-text-font-weight ); text-align: var(--text-align);\">By\u0142o ju\u017c blisko &#8230; ale ten rumpel z ty\u0142u &#8211; strasznie nie wygodne. \u0141\u00f3\u017cko mocowane na profilach, problem z bakist\u0105 techniczn\u0105 w transporcie &#8211; uwierzcie lub nie &#8211; razu pewnego 3 razy zawracali\u015bmy w drodze do klienta bo ci\u0119\u017car akumulator\u00f3w powodowa\u0142, \u017ce si\u0119 zrywa\u0142a. G\u0142upio by by\u0142o utopi\u0107 2 akumulatory w\u00a0 jeziorze. Do tego wy\u0142amywane pokrywy bakist bocznych &#8230; dramat.\u00a0<\/span><\/p><p><span style=\"color: var( --e-global-color-text ); font-family: var( --e-global-typography-text-font-family ), Sans-serif; text-align: var(--text-align);\"><b>Kolejny kamie\u0144 milowy &#8211; zmiana g\u00f3rnego pok\u0142adu na monolit<\/b><\/span><span style=\"color: var( --e-global-color-text ); font-family: var( --e-global-typography-text-font-family ), Sans-serif; font-weight: var( --e-global-typography-text-font-weight ); text-align: var(--text-align);\">. Tak, wymaga\u0142o to stworzenia nowych form, ale co\u015b za co\u015b&#8230; zamiast 5 element\u00f3w teraz wykonywa\u0142o si\u0119 2. Czas produkcji uleg\u0142 skr\u00f3ceniu, czas monta\u017cu podobnie. No i wygl\u0105d.\u00a0<\/span><\/p><p><span style=\"color: var( --e-global-color-text ); font-family: var( --e-global-typography-text-font-family ), Sans-serif; font-weight: var( --e-global-typography-text-font-weight ); text-align: var(--text-align);\">Podzi\u0119kowali\u015bmy r\u00f3wnie\u017c szytym &#8222;poduchom&#8221; kt\u00f3re przyjmowa\u0142y wod\u0119 i po sezonie wymaga\u0142y sporo pracy by przywr\u00f3ci\u0107 im wygl\u0105d i funkcjonalno\u015b\u0107. Ich miejsce zaj\u0119\u0142a EVA &#8211; poliuretanowa pianka, kt\u00f3ra imituje drewniany pok\u0142ad. Jest mi\u0119kka, nie wch\u0142ania wody ani zapach\u00f3w.\u00a0<\/span><\/p><p><span style=\"color: var( --e-global-color-text ); font-family: var( --e-global-typography-text-font-family ), Sans-serif; text-align: var(--text-align);\"><b>Nowe podpory<\/b><\/span><span style=\"color: var( --e-global-color-text ); font-family: var( --e-global-typography-text-font-family ), Sans-serif; font-weight: var( --e-global-typography-text-font-weight ); text-align: var(--text-align);\"> bardziej masywne lecz nadal co\u015b mi nie gra\u0142o.<\/span><\/p><p><span style=\"color: var( --e-global-color-text ); font-family: var( --e-global-typography-text-font-family ), Sans-serif; text-align: var(--text-align);\"><b>Joystick<\/b><\/span><span style=\"color: var( --e-global-color-text ); font-family: var( --e-global-typography-text-font-family ), Sans-serif; font-weight: var( --e-global-typography-text-font-weight ); text-align: var(--text-align);\">. Tak fajna sprawa ale sterowanie moc\u0105 pod kciukiem okaza\u0142o si\u0119 niezbyt wygodne. Trzeba by\u0142o to zmieni\u0107 &#8230;\u00a0<\/span><\/p><p>\u00a0<\/p>\t\t\t\t\t\t\t\t<\/div>\n\t\t\t\t<\/div>\n\t\t\t\t<div class=\"elementor-element elementor-element-1172015 elementor-widget elementor-widget-image\" data-id=\"1172015\" data-element_type=\"widget\" data-e-type=\"widget\" data-widget_type=\"image.default\">\n\t\t\t\t<div class=\"elementor-widget-container\">\n\t\t\t\t\t\t\t\t\t\t\t\t\t\t\t<img decoding=\"async\" width=\"800\" height=\"548\" src=\"https:\/\/sunsailer.pl\/wp-content\/uploads\/2024\/06\/ss25-1024x701.png\" class=\"attachment-large size-large wp-image-12167\" alt=\"\" srcset=\"https:\/\/sunsailer.pl\/wp-content\/uploads\/2024\/06\/ss25-1024x701.png 1024w, https:\/\/sunsailer.pl\/wp-content\/uploads\/2024\/06\/ss25-300x206.png 300w, https:\/\/sunsailer.pl\/wp-content\/uploads\/2024\/06\/ss25-768x526.png 768w, https:\/\/sunsailer.pl\/wp-content\/uploads\/2024\/06\/ss25-1536x1052.png 1536w, https:\/\/sunsailer.pl\/wp-content\/uploads\/2024\/06\/ss25.png 2000w\" sizes=\"(max-width: 800px) 100vw, 800px\" \/>\t\t\t\t\t\t\t\t\t\t\t\t\t\t\t<\/div>\n\t\t\t\t<\/div>\n\t\t\t\t<\/div>\n\t\t<div class=\"elementor-element elementor-element-dabf969 e-con-full e-flex e-con e-child\" data-id=\"dabf969\" data-element_type=\"container\" data-e-type=\"container\">\n\t\t\t\t<div class=\"elementor-element elementor-element-738e935 elementor-widget elementor-widget-text-editor\" data-id=\"738e935\" data-element_type=\"widget\" data-e-type=\"widget\" data-widget_type=\"text-editor.default\">\n\t\t\t\t<div class=\"elementor-widget-container\">\n\t\t\t\t\t\t\t\t\t<h1><span style=\"color: #0000ff;\">2024<\/span><\/h1><h3>GENERACJA 3.0<\/h3><p>To mn\u00f3stwo nowo\u015bci, zmian &#8211; tylko na lepsze. W\u015br\u00f3d nich s\u0105 m.in.<\/p><ul><li><strong>Nowy twardy dach<\/strong> &#8211; w zasadzie panel solarny na podporach &#8211; mamy tu ju\u017c panel o <b>mocy 540Wp<\/b> zamiast wcze\u015bniejszego 315 Wp.<\/li><li>Kolor ma znaczenie &#8211; poszli\u015bmy po rozum do g\u0142owy i zainstalowali\u015bmy <strong>sterownik VICTRON ENERGY MPPT 20A BT<\/strong> dzi\u0119ki kt\u00f3remu obs\u0142uga mo\u017ce po\u0142\u0105czy\u0107 si\u0119 z nim bezprzewodowo i sprawdzi\u0107 stan na\u0142adowania akumulator\u00f3w.<\/li><li><strong>Sterowanie<\/strong> &#8211; nowy bardziej <b>pancerny Joystick<\/b> i <b>mocarna manetka <\/b>sterowania moc\u0105 silnika. Teraz ju\u017c nie trzeba wygina\u0107 si\u0119 do ty\u0142u &#8211; mo\u017cna wygodnie sterowa\u0107 katamaranem za pomoc\u0105 obu r\u0105k &#8211; \u0142atwo, precyzyjnie, bezpiecznie.<\/li><li><b>Jeszcze lepsze audio<\/b>. Dzi\u0119ki zastosowaniu lepszych g\u0142o\u015bnik\u00f3w mo\u017cemy s\u0142ucha\u0107 muzyki o zdecydowanie lepszym brzmieniu.<\/li><li><b>\u0141adowarki do telefon\u00f3w<\/b>. Tak, by\u0142y ju\u017c przez chwil\u0119 w wersji 1.0 lecz ich umiejscowienie sprawia\u0142o, \u017ce szybko przestawa\u0142y dzia\u0142a\u0107. Teraz powinno by\u0107 lepiej i wygodniej.<\/li><\/ul>\t\t\t\t\t\t\t\t<\/div>\n\t\t\t\t<\/div>\n\t\t\t\t<div class=\"elementor-element elementor-element-96bc798 elementor-widget elementor-widget-image\" data-id=\"96bc798\" data-element_type=\"widget\" data-e-type=\"widget\" data-widget_type=\"image.default\">\n\t\t\t\t<div class=\"elementor-widget-container\">\n\t\t\t\t\t\t\t\t\t\t\t\t\t\t\t<img loading=\"lazy\" decoding=\"async\" width=\"800\" height=\"518\" src=\"https:\/\/sunsailer.pl\/wp-content\/uploads\/2024\/06\/sunsailer_czysty-1024x663.png\" class=\"attachment-large size-large wp-image-12088\" alt=\"\" srcset=\"https:\/\/sunsailer.pl\/wp-content\/uploads\/2024\/06\/sunsailer_czysty-1024x663.png 1024w, https:\/\/sunsailer.pl\/wp-content\/uploads\/2024\/06\/sunsailer_czysty-300x194.png 300w, https:\/\/sunsailer.pl\/wp-content\/uploads\/2024\/06\/sunsailer_czysty-768x497.png 768w, https:\/\/sunsailer.pl\/wp-content\/uploads\/2024\/06\/sunsailer_czysty-1536x995.png 1536w, https:\/\/sunsailer.pl\/wp-content\/uploads\/2024\/06\/sunsailer_czysty.png 2000w\" sizes=\"(max-width: 800px) 100vw, 800px\" \/>\t\t\t\t\t\t\t\t\t\t\t\t\t\t\t<\/div>\n\t\t\t\t<\/div>\n\t\t\t\t<\/div>\n\t\t\t\t\t<\/div>\n\t\t\t\t<\/div>\n\t\t\t\t<\/div>\n\t\t","protected":false},"excerpt":{"rendered":"<p>1 2 2.5 2018 1 GENERACJA SUNSAILERA MINI By\u0142 kompaktowy,&hellip;<\/p>\n<p> <a class=\"more-link\" href=\"https:\/\/sunsailer.pl\/?page_id=12126\">Dowiedz si\u0119 wi\u0119cej<\/a><\/p>\n","protected":false},"author":1,"featured_media":0,"parent":0,"menu_order":0,"comment_status":"closed","ping_status":"closed","template":"","meta":{"om_disable_all_campaigns":false,"footnotes":""},"class_list":["post-12126","page","type-page","status-publish"],"aioseo_notices":[],"_links":{"self":[{"href":"https:\/\/sunsailer.pl\/index.php?rest_route=\/wp\/v2\/pages\/12126","targetHints":{"allow":["GET"]}}],"collection":[{"href":"https:\/\/sunsailer.pl\/index.php?rest_route=\/wp\/v2\/pages"}],"about":[{"href":"https:\/\/sunsailer.pl\/index.php?rest_route=\/wp\/v2\/types\/page"}],"author":[{"embeddable":true,"href":"https:\/\/sunsailer.pl\/index.php?rest_route=\/wp\/v2\/users\/1"}],"replies":[{"embeddable":true,"href":"https:\/\/sunsailer.pl\/index.php?rest_route=%2Fwp%2Fv2%2Fcomments&post=12126"}],"version-history":[{"count":0,"href":"https:\/\/sunsailer.pl\/index.php?rest_route=\/wp\/v2\/pages\/12126\/revisions"}],"wp:attachment":[{"href":"https:\/\/sunsailer.pl\/index.php?rest_route=%2Fwp%2Fv2%2Fmedia&parent=12126"}],"curies":[{"name":"wp","href":"https:\/\/api.w.org\/{rel}","templated":true}]}}